. What is the greatest common factor of r and z?
68
Let f(y) = -y**3 - 3*y**2 - y - 1. Let q be f(-3). Let b be (0/q)/(-19 + 16). Let t = b - -3. Calculate the highest common factor of 33 and t.
3
Let z = -128 + 291. Let q be z - (2 + 0 + -1). What is the highest common divisor of 18 and q?
18
Let u be -75*(-4)/(-18)*(-7 + 1). Let n = u + -72. Let l(p) = -4*p**3 - 3*p**2 - p. Let r be l(-3). What is the highest common divisor of n and r?
28
Let d be 1/2*44/11. Let l(j) = -4*j - 2*j**2 + 6*j**d + 11 - 5*j**2 - 11*j. Let k be l(-11). Calculate the highest common divisor of 5 and k.
5
Let s be 30/(14 + -9) - (-53 + -1). What is the highest common factor of 780 and s?
60
Let c be (-20)/4 + 4 + 36. Suppose 4*j - 2*p = -j + 19, -4*j = 5*p - c. Suppose 0 = -b - 0 + j. What is the highest common divisor of b and 35?
5
Let q = -37 + 14. Let i = -20 - q. Suppose i*l - 401 = -113. What is the highest common divisor of 12 and l?
12
Let c = -28 + 30. Suppose -4*s + 15 = -z - 25, -c*s + 4*z + 34 = 0. What is the highest common factor of 99 and s?
9
Let w = -1212 - -1276. What is the greatest common divisor of w and 496?
16
Let l = -273 + 283. What is the highest common factor of l and 8?
2
Let a = -69 - -69. Suppose a = -2*c - 11 + 249. Calculate the highest common factor of c and 17.
17
Let b(s) = s**3 + 12*s**2 + 6*s - 4. Let k be (0 - (0 - -11))*1. Let m be b(k). Suppose 0 = 2*g - 47 + 13. What is the greatest common factor of g and m?
17
Suppose 360*g - 196 = 356*g. What is the greatest common divisor of g and 56?
7
Let i(w) = w**2 - 91*w - 645. Let s be i(-9). Calculate the greatest common divisor of 969 and s.
51
Let y = 964 - 947. What is the greatest common divisor of y and 544?
17
Let k(y) = 2*y**2 - 6*y - 7. Let m be k(5). Let c(j) = 25*j**2 + 4. Let x = 78 + -80. Let t be c(x). What is the highest common divisor of m and t?
13
Let c(n) = n**3 + 11*n**2 - 13*n + 13. Let x(j) = 39*j + 1. Let g be x(-1). Let o = 26 + g. Let w be c(o). Calculate the highest common divisor of w and 275.
25
Suppose g - p - 210 = 0, -5*g + 9*p + 1047 = 5*p. What is the greatest common factor of 9 and g?
9
Let j = -252 + 282. What is the greatest common factor of 390 and j?
30
Let t be (-562)/(-8) + 70/(-56). What is the greatest common factor of t and 414?
69
Suppose -3*s = 2*b - 63, -5*b + 80 = 4*s - 60. Suppose -t - t = -10. Suppose -t*v = 0, -k + v = 6*v - 8. What is the greatest common divisor of b and k?
8
Let q = -76 - -112. Suppose 1 - 66 = -5*x + 4*t, 0 = -2*x - 2*t + 8. What is the greatest common factor of q and x?
9
Let f be (-4 - -1)/(-12) - 43/(-4). Suppose -a - 4*l - 16 = 0, -3*a - l - 4 = -6*a. Let g = f + a. What is the highest common divisor of g and 11?
11
Let c be (-2 + 5)/(2/2). Let i(o) = -o**2 - 4 + 3 + c - 7*o - 5. Let l be i(-6). Calculate the greatest common factor of 21 and l.
3
Let v(q) = -q**3 + 5*q**2 + 3*q + 3. Let h be v(5). Let w(o) = 2*o + 39. Let c be w(7). Let g = c + -35. Calculate the greatest common divisor of g and h.
18
Suppose -16*l = -71*l + 2530. What is the highest common factor of 138 and l?
46
Let s = 785 + -650. What is the greatest common divisor of 60 and s?
15
Let w(k) = 3*k**3 - 3*k**2 + 3*k - 3. Let v be w(3). Suppose 2*d + 3*o - 5*o - 24 = 0, -4*o = -12. What is the highest common divisor of d and v?
15
Let d(f) = -f**3 + 9*f**2 - 7*f - 16. Let z be d(7). Calculate the greatest common divisor of z and 231.
33
Let y = 175 - 56. Let x = y + -82. Let s = -29 + x. What is the highest common factor of 40 and s?
8
Suppose 0*c + 4*c - 8 = 0. Let t be (3/c)/(4/40). Let d be (-5 - (-4905)/35) + (-2)/14. Calculate the highest common divisor of d and t.
15
Suppose 2*y = -0*y - 4*n + 160, 5*y = n + 345. Let i be (-19)/2*-2 - -1. What is the greatest common divisor of i and y?
10
Let z = 540 - 416. What is the highest common factor of 4 and z?
4
Suppose -2 = -5*g + 18. Suppose 129 + 127 = g*q. Calculate the greatest common divisor of 16 and q.
16
Suppose -3*s + 233 - 6 = -4*q, -3*q - 69 = -s. Calculate the highest common factor of 432 and s.
27
Suppose 32*q = 33*q - 117. Calculate the greatest common divisor of 143 and q.
13
Let j be (-2740)/35 - ((-18)/14 - -1). Let m = j + 133. Let p = -43 - -65. Calculate the greatest common factor of p and m.
11
Suppose -8*a + 1174 = 174. Calculate the highest common divisor of 175 and a.
25
Suppose -2*m - c = c + 30, c = 4*m + 85. Let k = m + -2. Let i be (4/6)/(k/(-495)). Calculate the highest common divisor of i and 60.
15
Let b = 79 + -44. Let o(j) = -j**3 - 8*j**2 + 7*j - 11. Let q be o(-9). Calculate the highest common factor of q and b.
7
Let b = 187 + -122. Let q = b + -10. Suppose -2*i + 33 = 3*g - 7, -3*g + q = 5*i. What is the highest common divisor of g and 10?
10
Let b = -310 - -316. Calculate the greatest common factor of 150 and b.
6
Let d(k) = 3. Let z(x) = -x + 6. Let b(p) = 5*d(p) - 2*z(p). Let v be b(-2). Let t be v*(-5 - (3 - 0)). Calculate the greatest common factor of 1 and t.
1
Let m be ((-4)/34)/(-1) + 6/(-51). Suppose 2*h - 55 + 23 = m. Calculate the greatest common divisor of h and 176.
16
Suppose -4*g + j = -380, 6*g - 308 = 3*g - 5*j. What is the highest common divisor of g and 132?
12
Suppose 0 = 11*v - 10*v. Suppose -5*w + 22 + 8 = v. What is the highest common factor of 6 and w?
6
Suppose -3*g + 93 = 36. Let m be 28/10 + 1/5. Let r be 206 - (m - 0)/(-1). Calculate the highest common factor of g and r.
19
Let i be (-81 - -45)*(-4)/3. Calculate the greatest common divisor of 204 and i.
12
Suppose 5*j - 40 = -0*j. Let u = -8 - -1. Let v = u - -11. What is the highest common factor of j and v?
4
Let n(c) = 9*c + 24. Let v(g) = 6*g + 16. Let u(z) = -5*n(z) + 8*v(z). Let r be u(0). What is the greatest common divisor of 40 and r?
8
Let u(c) = -c**2 + 15*c + 2. Let l be u(15). Let h be -4 - -3 - l - -4. Let r be (-80)/(-12)*(-6)/(-5). What is the highest common factor of h and r?
1
Let s(k) = -9*k - 2. Let a be s(-1). What is the greatest common factor of 14 and a?
7
Let u = 12 + -7. Let l = 5 - u. Let r be 11 + (-1 + l - -1). Calculate the greatest common divisor of 77 and r.
11
Let n(t) = -9*t - 88. Let u be n(-13). Calculate the greatest common divisor of 232 and u.
29
Let s(h) = -h**3 - 2*h**2 + h - 2. Let x be s(-3). Let q(f) = 3*f + 39. Let g be q(-8). Suppose g - 16 = -a. Calculate the highest common factor of x and a.
1
Let a = -2 + 5. Let b be (a/(-2))/(2/(-24)). Suppose -41 + 5 = -2*f. What is the greatest common factor of b and f?
18
Let l(d) = -d**3 + d**2 + 6. Let o be l(0). Let u = 537 + -528. Calculate the greatest common factor of o and u.
3
Let k be (-422408)/(-644) - 2/(-23). What is the highest common divisor of k and 32?
16
Let u = 0 + 6. Suppose -3*h = -5*h + u. Suppose 100 = 2*l + h*l. What is the greatest common divisor of 160 and l?
20
Let c = -40 - -46. Suppose -j = 2*a, -5*a + 10*a + c = -4*j. Let i be 2*-10*8/(-10). What is the highest common divisor of i and a?
2
Let j(a) = -a**2 + 2*a + 3. Let h be j(3). Let x be (h - 4) + 6 + (2 - -140). What is the greatest common factor of x and 16?
16
Suppose 2*v + 361 = 21*v. What is the highest common factor of v and 38?
19
Suppose 0*p - 14 = -2*p. Suppose q - 2*q + 4*v = 4, q - 5*v = -5. Suppose -3*u + q*u = -147. What is the highest common factor of u and p?
7
Let a = 837 + -632. Calculate the greatest common divisor of a and 41.
41
Let h = -221 - -243. Let d(u) = 5*u**2 - 5*u - 4. Let k be d(7). Suppose -4*b - 30 = -k. Calculate the greatest common factor of b and h.
22
Let d(k) = k**2 - 6*k - 24. Let p be d(9). Suppose 40 = -l + p*l. Let q(g) = g + 140. Let x be q(0). What is the greatest common divisor of x and l?
20
Let h(b) = -b**3 + 2*b**2 + 14*b + 12. Let g be h(5). Calculate the highest common factor of 182 and g.
7
Let m be (-598)/6 - 2/6. Let u be 2/(-3)*9/1. Let c be 3/u + m/(-8). Calculate the greatest common divisor of c and 30.
6
Suppose -4*y - 296 = -4*j, -3*j = -5*j + y + 150. Let c = j - 53. Suppose -5*o - c = -73. What is the greatest common factor of o and 4?
2
Suppose 13*b + 75 = 8*b. Let g be (54/4)/(b/(-20) + 0). What is the greatest common divisor of g and 126?
18
Let b = 14 + -22. Let t(k) = 2*k**2 + 8*k - 7. Let f be t(b). Let z be f/21 + 6/21. Calculate the greatest com